se 3) to base 8
-2
114 (base 6) to base 16
2e
-3 (base 9) to base 13
-3
23 (base 4) to base 11
10
-8d (base 15) to base 14
-97
1 (base 3) to base 10
1
-110 (base 3) to base 10
-12
2 (base 16) to base 2
10
Convert 223 (base 4) to base 7.
61
Convert 1 (base 10) to base 7.
1
What is -1111 (base 2) in base 6?
-23
2 (base 9) to base 12
2
Convert -5f (base 16) to base 5.
-340
Convert 0 (base 10) to base 6.
0
101 (base 3) to base 2
1010
What is -1a (base 13) in base 9?
-25
What is -101011011 (base 2) in base 16?
-15b
Convert 5 (base 6) to base 2.
101
Convert 3 (base 4) to base 11.
3
-23 (base 9) to base 3
-210
-3 (base 9) to base 15
-3
-1 (base 11) to base 13
-1
-10 (base 8) to base 7
-11
-11 (base 9) to base 13
-a
Convert 1 (base 14) to base 9.
1
Convert 112 (base 5) to base 15.
22
Convert -205 (base 7) to base 13.
-7c
Convert -1 (base 7) to base 16.
-1
-14 (base 12) to base 13
-13
Convert -2112 (base 4) to base 9.
-176
What is 4 (base 10) in base 15?
4
Convert 16 (base 12) to base 10.
18
Convert -29 (base 12) to base 9.
-36
5 (base 6) to base 4
11
What is 20121 (base 3) in base 9?
217
Convert 543 (base 6) to base 9.
250
What is 2 (base 9) in base 7?
2
-22 (base 6) to base 9
-15
Convert -107 (base 12) to base 7.
-304
-3 (base 6) to base 4
-3
Convert -5 (base 16) to base 3.
-12
-122 (base 4) to base 7
-35
Convert 170 (base 9) to base 4.
2100
Convert -11 (base 3) to base 12.
-4
0 (base 12) to base 5
0
-10001100 (base 2) to base 7
-260
-132 (base 11) to base 12
-110
Convert 1 (base 15) to base 6.
1
Convert 88 (base 10) to base 3.
10021
What is -4 (base 16) in base 12?
-4
0 (base 5) to base 7
0
-2 (base 6) to base 10
-2
Convert 13 (base 8) to base 3.
102
What is 34 (base 8) in base 16?
1c
4 (base 13) to base 8
4
What is 17 (base 8) in base 3?
120
What is 105 (base 6) in base 4?
221
What is 3 (base 12) in base 5?
3
What is 6 (base 14) in base 10?
6
What is 7 (base 13) in base 10?
7
Convert 5 (base 13) to base 14.
5
What is 0 (base 12) in base 7?
0
What is -1010000 (base 2) in base 10?
-80
What is -3 (base 7) in base 16?
-3
1c (base 15) to base 2
11011
What is 5 (base 15) in base 4?
11
What is 5 (base 15) in base 10?
5
33 (base 5) to base 3
200
2 (base 9) to base 3
2
-5 (base 10) to base 12
-5
What is 5 (base 10) in base 3?
12
What is -6 (base 9) in base 8?
-6
11 (base 9) to base 14
a
What is 7 (base 11) in base 6?
11
21 (base 4) to base 14
9
What is 8 (base 12) in base 4?
20
What is -19 (base 16) in base 6?
-41
400 (base 7) to base 14
100
3 (base 13) to base 8
3
-7 (base 15) to base 4
-13
101 (base 7) to base 12
42
Convert -5 (base 10) to base 13.
-5
What is 14 (base 7) in base 11?
10
Convert -21 (base 5) to base 11.
-10
Convert -106 (base 7) to base 8.
-67
What is 84 (base 14) in base 2?
1110100
Convert 30 (base 10) to base 12.
26
What is 1 (base 7) in base 9?
1
Convert -201 (base 4) to base 6.
-53
Convert -100 (base 2) to base 12.
-4
What is -3 (base 8) in base 4?
-3
Convert 6 (base 14) to base 12.
6
-26 (base 8) to base 5
-42
What is -2 (base 12) in base 7?
-2
Convert 6 (base 12) to base 6.
10
-2a (base 12) to base 14
-26
What is 1 (base 6) in base 11?
1
Convert 10 (base 4) to base 8.
4
What is 140 (base 8) in base 6?
240
1000111 (base 2) to base 11
65
-1 (base 12) to base 16
-1
-13 (base 16) to base 4
-103
What is 1 (base 5) in base 4?
1
2 (base 13) to base 10
2
What is -10 (base 4) in base 15?
-4
What is 1000 (base 4) in base 2?
1000000
What is 11 (base 2) in base 11?
3
Convert 27 (base 8) to base 16.
17
-8b (base 13) to base 16
-73
5 (base 16) to base 3
12
What is -35 (base 14) in base 10?
-47
-114 (base 5) to base 10
-34
Convert -201 (base 6) to base 11.
-67
What is -2 (base 15) in base 3?
-2
-21 (base 12) to base 7
-34
1112 (base 3) to base 15
2b
2 (base 15) to base 7
2
Convert 305 (base 7) to base 5.
1102
Convert 133 (base 5) to base 15.
2d
Convert 2 (base 6) to base 3.
2
42 (base 11) to base 16
2e
What is -b4 (base 14) in base 7?
-314
Convert -12 (base 6) to base 13.
-8
0 (base 4) to base 14
0
What is -5b (base 16) in base 7?
-160
31 (base 5) to base 2
10000
Convert 1101 (base 2) to base 14.
d
Convert 2 (base 4) to base 15.
2
-1 (base 6) to base 16
-1
Convert -13 (base 10) to base 8.
-15
Convert 26 (base 15) to base 11.
33
What is 25 (base 14) in base 4?
201
a (base 11) to base 12
a
What is 5c (base 16) in base 12?
78
What is 2 (base 10) in base 15?
2
-6f (base 16) to base 3
-11010
Convert 101 (base 2) to base 4.
11
-1 (base 4) to base 5
-1
Convert -19 (base 14) to base 15.
-18
-3 (base 12) to base 16
-3
-31 (base 4) to base 13
-10
What is 24 (base 5) in base 11?
13
What is -18 (base 12) in base 10?
-20
Convert 111110 (base 2) to base 11.
57
What is -2 (base 7) in base 8?
-2
Convert 1c (base 13) to base 8.
31
1 (base 10) to base 13
1
5a (base 13) to base 15
50
Convert 25 (base 6) to base 11.
16
-116 (base 7) to base 16
-3e
Convert -1 (base 3) to base 13.
-1
-a7 (base 11) to base 12
-99
What is 52 (base 15) in base 6?
205
-1 (base 3) to base 4
-1
What is 3 (base 14) in base 9?
3
What is 3 (base 4) in base 13?
3
-10 (base 16) to base 15
-11
What is -226 (base 9) in base 8?
-272
What is -300 (base 5) in base 14?
-55
What is -27 (base 14) in base 13?
-29
-1000 (base 2) to base 12
-8
7 (base 10) to base 14
7
Convert -1112 (base 3) to base 9.
-45
What is 10 (base 13) in base 15?
d
What is 1 (base 13) in base 5?
1
What is -33 (base 9) in base 12?
-26
10100010 (base 2) to base 8
242
10 (base 12) to base 4
30
What is -101 (base 15) in base 4?
-3202
Convert -16 (base 11) to base 15.
-12
What is -10111 (base 2) in base 11?
-21
-3 (base 6) to base 13
-3
-1 (base 10) to base 11
-1
What is -487 (base 9) in base 13?
-250
What is -2 (base 9) in base 8?
-2
-10111111 (base 2) to base 15
-cb
-64 (base 15) to base 2
-1011110
-3 (base 11) to base 10
-3
What is 0 (base 9) in base 6?
0
Convert -1110 (base 3) to base 6.
-103
What is 250 (base 10) in base 2?
11111010
Convert 1010 (base 2) to base 10.
10
Convert 71 (base 10) to base 13.
56
65 (base 7) to base 3
1202
130 (base 16) to base 5
2204
Convert -12102 (base 3) to base 13.
-b3
0 (base 11) to base 9
0
-3 (base 7) to base 9
-3
4 (base 11) to base 5
4
What is 201 (base 7) in base 8?
143
Convert 32 (base 9) to base 12.
25
b5 (base 14) to base 9
186
Convert c3 (base 14) to base 5.
1141
13 (base 7) to base 12
a
What is -3 (base 4) in base 13?
-3
13 (base 15) to base 4
102
What is 2 (base 6) in base 5?
2
-136 (base 10) to base 16
-88
What is -3 (base 7) in base 9?
-3
-8 (base 11) to base 14
-8
What is -47 (base 15) in base 14?
-4b
90 (base 12) to base 15
73
Convert -3 (base 12) to base 16.
-3
Convert 100101 (base 2) to base 14.
29
3 (base 6) to base 13
3
-11100101 (base 2) to base 16
-e5
Convert -3a (base 16) to base 2.
-111010
What is -11 (base 9) in base 11?
-a
Convert -10 (base 8) to base 11.
-8
Convert -10 (base 8) to base 13.
-8
-2 (base 7) to base 5
-2
What is 20 (base 8) in base 12?
14
Convert 13 (base 11) to base 6.
22
What is -3030 (base 4) in base 13?
-129
1a (base 14) to base 12
20
Convert -3 (base 5) to base 11.
-3
Convert 317 (base 8) to base 15.
dc
What is 2 (base 5) in base 7?
2
Convert 1 (base 11) to base 10.
1
2 (base 8) to base 5
2
What is 11111 (base 2) in base 6?
51
What is 1 (base 13) in base 8?
1
What is 3 (base 13) in base 9?
3
Convert -3 (base 10) to base 16.
-3
-4 (base 8) to base 2
-100
3a (base 15) to base 16
37
Convert 0 (base 7) to base 10.
0
-6 (base 13) to base 11
-6
Convert ff (base 16) to base 7.
513
13 (base 16) to base 6
31
Convert 12 (base 7) to base 14.
9
Convert -2 (base 7) to base 13.
-2
What is 20 (base 11) in base 16?
16
Convert 16 (base 9) to base 13.
12
What is -3 (base 16) in base 3?
-10
What is 2 (base 7) in base 14?
2
What is 25 (base 9) in base 7?
32
Convert 1010 (base 2) to base 10.
10
What is 0 (base 16) in base 7?
0
What is 25 (base 11) in base 16?
1b
Convert 7 (base 11) to base 9.
7
What is 11000 (base 2) in base 9?
26
What is -6 (base 13) in base 14?
-6
What is -232 (base 10) in base 7?
-451
Convert 18 (base 15) to base 2.
10111
-76 (base 13) to base 3
-10121
Convert 10 (base 7) to base 16.
7
3 (base 10) to base 5
3
-213 (base 4) to base 2
-100111
What is -2b (base 14) in base 5?
-124
-21 (base 5) to base 11
-10
What is -2 (base 7) in base 15?
-2
Convert -47 (base